{"id":13,"date":"2021-05-12T04:59:15","date_gmt":"2021-05-12T04:59:15","guid":{"rendered":"https:\/\/ocelotlmx.com\/?page_id=13"},"modified":"2022-08-07T18:57:28","modified_gmt":"2022-08-07T18:57:28","slug":"menu","status":"publish","type":"page","link":"https:\/\/ocelotlmx.com\/?page_id=13","title":{"rendered":"Artesan\u00edas"},"content":{"rendered":"\n<div class=\"wp-block-cover alignfull is-light has-parallax\" style=\"background-image:url(http:\/\/ocelotlmx.com\/wp-content\/uploads\/2022\/03\/DSC_8631.jpg);min-height:550px;aspect-ratio:unset;\"><span aria-hidden=\"true\" class=\"wp-block-cover__background has-ast-global-color-5-background-color has-background-dim-40 has-background-dim\"><\/span><div class=\"wp-block-cover__inner-container is-layout-flow wp-block-cover-is-layout-flow\">\n<h1 class=\"has-text-align-center has-ast-global-color-2-color has-text-color wp-block-heading\">Artesan\u00edas<\/h1>\n<\/div><\/div>\n\n\n\n<div class=\"wp-block-group alignfull has-ast-global-color-5-background-color has-background is-layout-flow wp-block-group-is-layout-flow\"><div class=\"wp-block-group__inner-container\">\n<div class=\"wp-block-media-text alignfull is-stacked-on-mobile is-vertically-aligned-center\"><figure class=\"wp-block-media-text__media\"><img fetchpriority=\"high\" decoding=\"async\" width=\"684\" height=\"1024\" src=\"http:\/\/ocelotlmx.com\/wp-content\/uploads\/2022\/03\/DSC_8645-684x1024.jpg\" alt=\"\" class=\"wp-image-435 size-full\" srcset=\"https:\/\/ocelotlmx.com\/wp-content\/uploads\/2022\/03\/DSC_8645-684x1024.jpg 684w, https:\/\/ocelotlmx.com\/wp-content\/uploads\/2022\/03\/DSC_8645-200x300.jpg 200w, https:\/\/ocelotlmx.com\/wp-content\/uploads\/2022\/03\/DSC_8645-768x1151.jpg 768w, https:\/\/ocelotlmx.com\/wp-content\/uploads\/2022\/03\/DSC_8645-1025x1536.jpg 1025w, https:\/\/ocelotlmx.com\/wp-content\/uploads\/2022\/03\/DSC_8645.jpg 1335w\" sizes=\"(max-width: 684px) 100vw, 684px\" \/><\/figure><div class=\"wp-block-media-text__content\">\n<div class=\"wp-block-group is-layout-flow wp-block-group-is-layout-flow\"><div class=\"wp-block-group__inner-container\">\n<h2 class=\"has-text-align-center wp-block-heading\">Artesan\u00edas<\/h2>\n\n\n\n<p class=\"has-medium-font-size\">De diferentes estados de la rep\u00fablica, traemos las artesan\u00edas mas representativas y significativas, donde trabajamos junto con los artesanos para obtener un precio justo para ambas partes, sin afectar la econom\u00eda tanto del artesano como de nuestros clientes.                         <\/p>\n<\/div><\/div>\n<\/div><\/div>\n<\/div><\/div>\n\n\n\n<div class=\"wp-block-group alignfull has-ast-global-color-5-background-color has-background is-layout-flow wp-block-group-is-layout-flow\"><div class=\"wp-block-group__inner-container\">\n<h3 class=\"has-text-align-center wp-block-heading\">Estos son s\u00f3lo unos ejemplos de la gran colecci\u00f3n de artesan\u00edas con la que contamos, tenemos diferentes y nuevas piezas mes con mes<\/h3>\n<\/div><\/div>\n\n\n\n<div class=\"wp-block-group alignfull has-ast-global-color-5-background-color has-background is-layout-flow wp-block-group-is-layout-flow\"><div class=\"wp-block-group__inner-container\">\n<div class=\"wp-block-media-text alignfull is-stacked-on-mobile is-vertically-aligned-center\"><figure class=\"wp-block-media-text__media\"><img decoding=\"async\" width=\"1024\" height=\"684\" src=\"http:\/\/ocelotlmx.com\/wp-content\/uploads\/2022\/03\/DSC_8655-1024x684.jpg\" alt=\"catrinas de barro\" class=\"wp-image-437 size-full\" srcset=\"https:\/\/ocelotlmx.com\/wp-content\/uploads\/2022\/03\/DSC_8655-1024x684.jpg 1024w, https:\/\/ocelotlmx.com\/wp-content\/uploads\/2022\/03\/DSC_8655-300x200.jpg 300w, https:\/\/ocelotlmx.com\/wp-content\/uploads\/2022\/03\/DSC_8655-768x513.jpg 768w, https:\/\/ocelotlmx.com\/wp-content\/uploads\/2022\/03\/DSC_8655-1536x1025.jpg 1536w, https:\/\/ocelotlmx.com\/wp-content\/uploads\/2022\/03\/DSC_8655.jpg 2000w\" sizes=\"(max-width: 1024px) 100vw, 1024px\" \/><\/figure><div class=\"wp-block-media-text__content\">\n<div class=\"wp-block-group is-layout-flow wp-block-group-is-layout-flow\"><div class=\"wp-block-group__inner-container\">\n<h2 class=\"has-text-align-center wp-block-heading\">Catrinas<\/h2>\n\n\n\n<p class=\"has-text-align-center\">Hechas a base de 3 barros, el cual se mezcla y se purga para evitar impurezas, se pasa por molino de mano para amasar el barro y poder fabricar pieza a pieza la catrina. Tiempo de elaboraci\u00f3n 10 d\u00edas<\/p>\n\n\n\n<p class=\"has-text-align-center\"><\/p>\n<\/div><\/div>\n<\/div><\/div>\n\n\n\n<div style=\"height:100px\" aria-hidden=\"true\" class=\"wp-block-spacer\"><\/div>\n\n\n\n<div class=\"wp-block-media-text alignfull is-stacked-on-mobile is-vertically-aligned-center\"><figure class=\"wp-block-media-text__media\"><img decoding=\"async\" width=\"1024\" height=\"684\" src=\"http:\/\/ocelotlmx.com\/wp-content\/uploads\/2022\/03\/DSC_8600-1024x684.jpg\" alt=\"\" class=\"wp-image-427 size-full\" srcset=\"https:\/\/ocelotlmx.com\/wp-content\/uploads\/2022\/03\/DSC_8600-1024x684.jpg 1024w, https:\/\/ocelotlmx.com\/wp-content\/uploads\/2022\/03\/DSC_8600-300x200.jpg 300w, https:\/\/ocelotlmx.com\/wp-content\/uploads\/2022\/03\/DSC_8600-768x513.jpg 768w, https:\/\/ocelotlmx.com\/wp-content\/uploads\/2022\/03\/DSC_8600-1536x1026.jpg 1536w, https:\/\/ocelotlmx.com\/wp-content\/uploads\/2022\/03\/DSC_8600.jpg 2000w\" sizes=\"(max-width: 1024px) 100vw, 1024px\" \/><\/figure><div class=\"wp-block-media-text__content\">\n<div class=\"wp-block-group is-layout-flow wp-block-group-is-layout-flow\"><div class=\"wp-block-group__inner-container\">\n<h2 class=\"has-text-align-center wp-block-heading\">Jarros cafeteros<\/h2>\n\n\n\n<p>Hechos en barro y decorados a mano, horneados a alta temperatura para una mejor calidad y resistencia del material. El tiempo de elaboraci\u00f3n, 8 d\u00edas<\/p>\n\n\n\n<p class=\"has-text-align-center\"><\/p>\n<\/div><\/div>\n<\/div><\/div>\n\n\n\n<div style=\"height:100px\" aria-hidden=\"true\" class=\"wp-block-spacer\"><\/div>\n\n\n\n<div class=\"wp-block-media-text alignfull is-stacked-on-mobile is-vertically-aligned-center\"><figure class=\"wp-block-media-text__media\"><img loading=\"lazy\" decoding=\"async\" width=\"1024\" height=\"679\" src=\"http:\/\/ocelotlmx.com\/wp-content\/uploads\/2022\/03\/DSC_8613-1024x679.jpg\" alt=\"\" class=\"wp-image-430 size-full\" srcset=\"https:\/\/ocelotlmx.com\/wp-content\/uploads\/2022\/03\/DSC_8613-1024x679.jpg 1024w, https:\/\/ocelotlmx.com\/wp-content\/uploads\/2022\/03\/DSC_8613-300x199.jpg 300w, https:\/\/ocelotlmx.com\/wp-content\/uploads\/2022\/03\/DSC_8613-768x509.jpg 768w, https:\/\/ocelotlmx.com\/wp-content\/uploads\/2022\/03\/DSC_8613-1536x1018.jpg 1536w, https:\/\/ocelotlmx.com\/wp-content\/uploads\/2022\/03\/DSC_8613.jpg 2000w\" sizes=\"(max-width: 1024px) 100vw, 1024px\" \/><\/figure><div class=\"wp-block-media-text__content\">\n<div class=\"wp-block-group is-layout-flow wp-block-group-is-layout-flow\"><div class=\"wp-block-group__inner-container\">\n<h2 class=\"has-text-align-center wp-block-heading\">Replicas Prehisp\u00e1nicas<\/h2>\n\n\n\n<p>Hechas en barro, mitad molde y mitad pastillaje, modificando o\u00a0 quitando ciertos detalles para evitar copias exactas y la falsificaci\u00f3n de piezas, pintadas con colores vegetales como se hacia antiguamente y horneadas para que las piezas puedan estar en la intemperie q sea sin ning\u00fan problema. El tiempo de elaboraci\u00f3n es de una a dos semanas.<\/p>\n\n\n\n<p class=\"has-text-align-center\"><\/p>\n<\/div><\/div>\n<\/div><\/div>\n\n\n\n<div style=\"height:100px\" aria-hidden=\"true\" class=\"wp-block-spacer\"><\/div>\n\n\n\n<div class=\"wp-block-media-text alignfull is-stacked-on-mobile is-vertically-aligned-center\"><figure class=\"wp-block-media-text__media\"><img loading=\"lazy\" decoding=\"async\" width=\"1024\" height=\"684\" src=\"http:\/\/ocelotlmx.com\/wp-content\/uploads\/2022\/03\/DSC_8660-1024x684.jpg\" alt=\"\" class=\"wp-image-438 size-full\" srcset=\"https:\/\/ocelotlmx.com\/wp-content\/uploads\/2022\/03\/DSC_8660-1024x684.jpg 1024w, https:\/\/ocelotlmx.com\/wp-content\/uploads\/2022\/03\/DSC_8660-300x200.jpg 300w, https:\/\/ocelotlmx.com\/wp-content\/uploads\/2022\/03\/DSC_8660-768x513.jpg 768w, https:\/\/ocelotlmx.com\/wp-content\/uploads\/2022\/03\/DSC_8660-1536x1025.jpg 1536w, https:\/\/ocelotlmx.com\/wp-content\/uploads\/2022\/03\/DSC_8660.jpg 2000w\" sizes=\"(max-width: 1024px) 100vw, 1024px\" \/><\/figure><div class=\"wp-block-media-text__content\">\n<div class=\"wp-block-group is-layout-flow wp-block-group-is-layout-flow\"><div class=\"wp-block-group__inner-container\">\n<h2 class=\"has-text-align-center wp-block-heading\">Alebrijes<\/h2>\n\n\n\n<p>Hechos en en el estado de Oaxaca, la base de madrea de copal, tallados y pintados a mano bajo diferentes t\u00e9cnicas, una de ellas puntillismo. El tiempo de elaboraci\u00f3n 2 semanas.<\/p>\n\n\n\n<p class=\"has-text-align-center\"><\/p>\n<\/div><\/div>\n<\/div><\/div>\n\n\n\n<div style=\"height:100px\" aria-hidden=\"true\" class=\"wp-block-spacer\"><\/div>\n\n\n\n<div class=\"wp-block-media-text alignfull is-stacked-on-mobile is-vertically-aligned-center\"><figure class=\"wp-block-media-text__media\"><img loading=\"lazy\" decoding=\"async\" width=\"1024\" height=\"684\" src=\"http:\/\/ocelotlmx.com\/wp-content\/uploads\/2022\/03\/DSC_8602-1024x684.jpg\" alt=\"\" class=\"wp-image-428 size-full\" srcset=\"https:\/\/ocelotlmx.com\/wp-content\/uploads\/2022\/03\/DSC_8602-1024x684.jpg 1024w, https:\/\/ocelotlmx.com\/wp-content\/uploads\/2022\/03\/DSC_8602-300x200.jpg 300w, https:\/\/ocelotlmx.com\/wp-content\/uploads\/2022\/03\/DSC_8602-768x513.jpg 768w, https:\/\/ocelotlmx.com\/wp-content\/uploads\/2022\/03\/DSC_8602-1536x1025.jpg 1536w, https:\/\/ocelotlmx.com\/wp-content\/uploads\/2022\/03\/DSC_8602.jpg 2000w\" sizes=\"(max-width: 1024px) 100vw, 1024px\" \/><\/figure><div class=\"wp-block-media-text__content\">\n<div class=\"wp-block-group is-layout-flow wp-block-group-is-layout-flow\"><div class=\"wp-block-group__inner-container\">\n<h2 class=\"has-text-align-center wp-block-heading\">Cazuelas, platos, vasos y jarras<\/h2>\n\n\n\n<p>Hechos en barro a mano, utilizando moldes para dar forma y tama\u00f1o, se dejan secar al sol durante 3 d\u00edas para despu\u00e9s decorarse y hornear a altas temperaturas. para poder darles el uso que gusten.  El tiempo de elaboraci\u00f3n 8 d\u00edas.<\/p>\n\n\n\n<p class=\"has-text-align-center\"><\/p>\n<\/div><\/div>\n<\/div><\/div>\n\n\n\n<div style=\"height:100px\" aria-hidden=\"true\" class=\"wp-block-spacer\"><\/div>\n\n\n\n<div class=\"wp-block-media-text alignfull is-stacked-on-mobile is-vertically-aligned-center\"><figure class=\"wp-block-media-text__media\"><img loading=\"lazy\" decoding=\"async\" width=\"1024\" height=\"684\" src=\"http:\/\/ocelotlmx.com\/wp-content\/uploads\/2022\/03\/DSC_8621-1024x684.jpg\" alt=\"\" class=\"wp-image-431 size-full\" srcset=\"https:\/\/ocelotlmx.com\/wp-content\/uploads\/2022\/03\/DSC_8621-1024x684.jpg 1024w, https:\/\/ocelotlmx.com\/wp-content\/uploads\/2022\/03\/DSC_8621-300x200.jpg 300w, https:\/\/ocelotlmx.com\/wp-content\/uploads\/2022\/03\/DSC_8621-768x513.jpg 768w, https:\/\/ocelotlmx.com\/wp-content\/uploads\/2022\/03\/DSC_8621-1536x1025.jpg 1536w, https:\/\/ocelotlmx.com\/wp-content\/uploads\/2022\/03\/DSC_8621.jpg 2000w\" sizes=\"(max-width: 1024px) 100vw, 1024px\" \/><\/figure><div class=\"wp-block-media-text__content\">\n<div class=\"wp-block-group is-layout-flow wp-block-group-is-layout-flow\"><div class=\"wp-block-group__inner-container\">\n<h2 class=\"has-text-align-center wp-block-heading\">Papel Amate<\/h2>\n\n\n\n<p>Hechos en el estado de Guerrero pintado con pincel. Siendo una corteza de \u00e1rbol, donde su elaboraci\u00f3n va desde la selecci\u00f3n del \u00e1rbol, el desprendimiento de la corteza, tratarla para aplanarla, cortarla y pintarla. El tiempo de elaboraci\u00f3n 15 d\u00edas.<\/p>\n\n\n\n<p class=\"has-text-align-center\"><\/p>\n<\/div><\/div>\n<\/div><\/div>\n\n\n\n<div style=\"height:100px\" aria-hidden=\"true\" class=\"wp-block-spacer\"><\/div>\n\n\n\n<div class=\"wp-block-media-text alignfull is-stacked-on-mobile is-vertically-aligned-center\"><figure class=\"wp-block-media-text__media\"><img loading=\"lazy\" decoding=\"async\" width=\"684\" height=\"1024\" src=\"http:\/\/ocelotlmx.com\/wp-content\/uploads\/2022\/03\/DSC_8597-684x1024.jpg\" alt=\"\" class=\"wp-image-426 size-full\" srcset=\"https:\/\/ocelotlmx.com\/wp-content\/uploads\/2022\/03\/DSC_8597-684x1024.jpg 684w, https:\/\/ocelotlmx.com\/wp-content\/uploads\/2022\/03\/DSC_8597-200x300.jpg 200w, https:\/\/ocelotlmx.com\/wp-content\/uploads\/2022\/03\/DSC_8597-768x1151.jpg 768w, https:\/\/ocelotlmx.com\/wp-content\/uploads\/2022\/03\/DSC_8597-1025x1536.jpg 1025w, https:\/\/ocelotlmx.com\/wp-content\/uploads\/2022\/03\/DSC_8597.jpg 1335w\" sizes=\"(max-width: 684px) 100vw, 684px\" \/><\/figure><div class=\"wp-block-media-text__content\">\n<div class=\"wp-block-group is-layout-flow wp-block-group-is-layout-flow\"><div class=\"wp-block-group__inner-container\">\n<h2 class=\"has-text-align-center wp-block-heading\">Huajes<\/h2>\n\n\n\n<p>Es una calabaza que crece hueca tambi\u00e9n llamada &#8220;bule&#8221;, se selecciona, se corta para sacar las semillas se pinta y talla, con elementos de la naturaleza, principalmente animales. De este se elaboran diferentes utensilios como mezcaleros, cantimploras, alhajeros, etc. Tiempo de elaboraci\u00f3n 8 d\u00edas.<\/p>\n\n\n\n<p><\/p>\n\n\n\n<p class=\"has-text-align-center\"><font _mstmutation=\"1\" _msthash=\"967200\"><\/font><\/p>\n\n\n\n<p><font _mstmutation=\"1\" _msthash=\"949767\"><\/font><\/p>\n<\/div><\/div>\n<\/div><\/div>\n\n\n\n<div style=\"height:100px\" aria-hidden=\"true\" class=\"wp-block-spacer\"><\/div>\n\n\n\n<div class=\"wp-block-media-text alignfull is-stacked-on-mobile is-vertically-aligned-center\"><figure class=\"wp-block-media-text__media\"><img loading=\"lazy\" decoding=\"async\" width=\"1024\" height=\"684\" src=\"http:\/\/ocelotlmx.com\/wp-content\/uploads\/2022\/03\/DSC_8632-1024x684.jpg\" alt=\"\" class=\"wp-image-433 size-full\" srcset=\"https:\/\/ocelotlmx.com\/wp-content\/uploads\/2022\/03\/DSC_8632-1024x684.jpg 1024w, https:\/\/ocelotlmx.com\/wp-content\/uploads\/2022\/03\/DSC_8632-300x200.jpg 300w, https:\/\/ocelotlmx.com\/wp-content\/uploads\/2022\/03\/DSC_8632-768x513.jpg 768w, https:\/\/ocelotlmx.com\/wp-content\/uploads\/2022\/03\/DSC_8632-1536x1025.jpg 1536w, https:\/\/ocelotlmx.com\/wp-content\/uploads\/2022\/03\/DSC_8632.jpg 2000w\" sizes=\"(max-width: 1024px) 100vw, 1024px\" \/><\/figure><div class=\"wp-block-media-text__content\">\n<div class=\"wp-block-group is-layout-flow wp-block-group-is-layout-flow\"><div class=\"wp-block-group__inner-container\">\n<h2 class=\"has-text-align-center wp-block-heading\">Piezas de piedra \u00f3nix<\/h2>\n\n\n\n<p>Originarias de el estado de puebla, hechas a mano. Su elaboraci\u00f3n va desde la selecci\u00f3n de la piedra en bruto, transportarla, tallarla y armar las piezas. Como son: m\u00e1scaras, l\u00e1mparas, pipas, juegos de ajedrez etc.<\/p>\n\n\n\n<p>Tiempo de elaboraci\u00f3n&nbsp; 15 d\u00edas<\/p>\n\n\n\n<p class=\"has-text-align-center\"><\/p>\n<\/div><\/div>\n<\/div><\/div>\n<\/div><\/div>\n","protected":false},"excerpt":{"rendered":"<p>Artesan\u00edas De diferentes estados de la rep\u00fablica, traemos las artesan\u00edas mas representativas y significativas, donde trabajamos junto con los artesanos para obtener un precio justo para ambas partes, sin afectar la econom\u00eda tanto del artesano como de nuestros clientes. Estos son s\u00f3lo unos ejemplos de la gran colecci\u00f3n de artesan\u00edas con la que contamos, tenemos &hellip;<\/p>\n<p class=\"read-more\"> <a class=\"\" href=\"https:\/\/ocelotlmx.com\/?page_id=13\"> <span class=\"screen-reader-text\">Artesan\u00edas<\/span> Read More &raquo;<\/a><\/p>\n","protected":false},"author":1,"featured_media":0,"parent":0,"menu_order":0,"comment_status":"closed","ping_status":"closed","template":"","meta":{"om_disable_all_campaigns":false,"_mi_skip_tracking":false,"_monsterinsights_sitenote_active":false,"_monsterinsights_sitenote_note":"","_monsterinsights_sitenote_category":0,"site-sidebar-layout":"no-sidebar","site-content-layout":"plain-container","ast-main-header-display":"","ast-hfb-above-header-display":"","ast-hfb-below-header-display":"","ast-hfb-mobile-header-display":"","site-post-title":"disabled","ast-breadcrumbs-content":"","ast-featured-img":"","footer-sml-layout":"","theme-transparent-header-meta":"enabled","adv-header-id-meta":"","stick-header-meta":"","header-above-stick-meta":"","header-main-stick-meta":"","header-below-stick-meta":"","footnotes":""},"class_list":["post-13","page","type-page","status-publish","hentry"],"aioseo_notices":[],"_links":{"self":[{"href":"https:\/\/ocelotlmx.com\/index.php?rest_route=\/wp\/v2\/pages\/13","targetHints":{"allow":["GET"]}}],"collection":[{"href":"https:\/\/ocelotlmx.com\/index.php?rest_route=\/wp\/v2\/pages"}],"about":[{"href":"https:\/\/ocelotlmx.com\/index.php?rest_route=\/wp\/v2\/types\/page"}],"author":[{"embeddable":true,"href":"https:\/\/ocelotlmx.com\/index.php?rest_route=\/wp\/v2\/users\/1"}],"replies":[{"embeddable":true,"href":"https:\/\/ocelotlmx.com\/index.php?rest_route=%2Fwp%2Fv2%2Fcomments&post=13"}],"version-history":[{"count":22,"href":"https:\/\/ocelotlmx.com\/index.php?rest_route=\/wp\/v2\/pages\/13\/revisions"}],"predecessor-version":[{"id":1140,"href":"https:\/\/ocelotlmx.com\/index.php?rest_route=\/wp\/v2\/pages\/13\/revisions\/1140"}],"wp:attachment":[{"href":"https:\/\/ocelotlmx.com\/index.php?rest_route=%2Fwp%2Fv2%2Fmedia&parent=13"}],"curies":[{"name":"wp","href":"https:\/\/api.w.org\/{rel}","templated":true}]}}