{"id":10,"date":"2021-05-12T04:59:14","date_gmt":"2021-05-12T04:59:14","guid":{"rendered":"https:\/\/ocelotlmx.com\/?page_id=10"},"modified":"2026-04-28T18:33:17","modified_gmt":"2026-04-28T18:33:17","slug":"home","status":"publish","type":"page","link":"https:\/\/ocelotlmx.com\/","title":{"rendered":"Home"},"content":{"rendered":"\n<div class=\"wp-block-group alignfull has-ast-global-color-5-background-color has-background is-layout-flow wp-block-group-is-layout-flow\"><div class=\"wp-block-group__inner-container\">\n<div class=\"wp-block-columns alignwide are-vertically-aligned-center is-layout-flex wp-container-core-columns-is-layout-9d6595d7 wp-block-columns-is-layout-flex\">\n<div class=\"wp-block-column is-vertically-aligned-center is-layout-flow wp-block-column-is-layout-flow\">\n<h2 class=\"wp-block-heading\"><font style=\"vertical-align: inherit;\"><font style=\"vertical-align: inherit;\">O <\/font><\/font><font style=\"vertical-align: inherit;\"><font style=\"vertical-align: inherit;\"><font style=\"vertical-align: inherit;\"><font style=\"vertical-align: inherit;\">celot<\/font><\/font><\/font><\/font><\/h2>\n\n\n\n<p class=\"has-ast-global-color-1-color has-text-color\"><strong><font style=\"vertical-align: inherit;\"><font style=\"vertical-align: inherit;\">Artesan\u00edas y Caf\u00e9 Mexicano.<\/font><\/font><\/strong><\/p>\n\n\n\n<figure class=\"wp-block-image aligncenter size-large\"><img fetchpriority=\"high\" decoding=\"async\" width=\"1024\" height=\"691\" src=\"http:\/\/ocelotlmx.com\/wp-content\/uploads\/2022\/03\/ocelotl-FINAL-LUZ-negro-1024x691.jpg\" alt=\"\" class=\"wp-image-379\" srcset=\"https:\/\/ocelotlmx.com\/wp-content\/uploads\/2022\/03\/ocelotl-FINAL-LUZ-negro-1024x691.jpg 1024w, https:\/\/ocelotlmx.com\/wp-content\/uploads\/2022\/03\/ocelotl-FINAL-LUZ-negro-300x202.jpg 300w, https:\/\/ocelotlmx.com\/wp-content\/uploads\/2022\/03\/ocelotl-FINAL-LUZ-negro-768x518.jpg 768w, https:\/\/ocelotlmx.com\/wp-content\/uploads\/2022\/03\/ocelotl-FINAL-LUZ-negro-1536x1036.jpg 1536w, https:\/\/ocelotlmx.com\/wp-content\/uploads\/2022\/03\/ocelotl-FINAL-LUZ-negro.jpg 2000w\" sizes=\"(max-width: 1024px) 100vw, 1024px\" \/><\/figure>\n\n\n\n<div style=\"height:50px\" aria-hidden=\"true\" class=\"wp-block-spacer\"><\/div>\n<\/div>\n\n\n\n<div class=\"wp-block-column is-vertically-aligned-center is-layout-flow wp-block-column-is-layout-flow\">\n<h3 class=\"wp-block-heading\">Nuestro Origen<\/h3>\n\n\n\n<p><font style=\"vertical-align: inherit;\"><font style=\"vertical-align: inherit;\">Nuestra marca nace con el prop\u00f3sito de ser dignos representantes de nuestro pa\u00eds a trav\u00e9s de la venta de artesan\u00eda con origen en diferentes regiones de la rep\u00fablica y preparaci\u00f3n de bebidas tradicionales como lo es el caf\u00e9, chocolate y mezcaler\u00eda. <\/font><font style=\"vertical-align: inherit;\">Con precios justos tanto para el artesano como para el p\u00fablico en general, evitando el abuso al comprador y la denigraci\u00f3n al trabajo del artesano.<\/font><\/font><\/p>\n<\/div>\n<\/div>\n\n\n\n<div style=\"height:100px\" aria-hidden=\"true\" class=\"wp-block-spacer\"><\/div>\n<\/div><\/div>\n\n\n\n<div class=\"wp-block-group alignfull has-ast-global-color-5-background-color has-background is-layout-flow wp-block-group-is-layout-flow\"><div class=\"wp-block-group__inner-container\">\n<div class=\"wp-block-columns alignwide is-layout-flex wp-container-core-columns-is-layout-9d6595d7 wp-block-columns-is-layout-flex\">\n<div class=\"wp-block-column is-layout-flow wp-block-column-is-layout-flow\" style=\"flex-basis:67%\">\n<figure class=\"wp-block-image alignright size-large\"><img decoding=\"async\" width=\"1024\" height=\"684\" src=\"https:\/\/ocelotlmx.com\/wp-content\/uploads\/2022\/01\/DSC_5974-1024x684.jpg\" alt=\"cafe con mezcal\" class=\"wp-image-324\" srcset=\"https:\/\/ocelotlmx.com\/wp-content\/uploads\/2022\/01\/DSC_5974-1024x684.jpg 1024w, https:\/\/ocelotlmx.com\/wp-content\/uploads\/2022\/01\/DSC_5974-300x200.jpg 300w, https:\/\/ocelotlmx.com\/wp-content\/uploads\/2022\/01\/DSC_5974-768x513.jpg 768w, https:\/\/ocelotlmx.com\/wp-content\/uploads\/2022\/01\/DSC_5974-1536x1025.jpg 1536w, https:\/\/ocelotlmx.com\/wp-content\/uploads\/2022\/01\/DSC_5974.jpg 2000w\" sizes=\"(max-width: 1024px) 100vw, 1024px\" \/><\/figure>\n\n\n\n<div style=\"height:100px\" aria-hidden=\"true\" class=\"wp-block-spacer\"><\/div>\n<\/div>\n\n\n\n<div class=\"wp-block-column is-vertically-aligned-center is-layout-flow wp-block-column-is-layout-flow\" style=\"flex-basis:33%\">\n<h3 class=\"wp-block-heading\">Misi\u00f3n <\/h3>\n\n\n\n<p class=\"has-text-align-left\">Colocar el trabajo y productos artesanales de M\u00e9xico en el lugar que se merece.<\/p>\n<\/div>\n<\/div>\n\n\n\n<div class=\"wp-block-columns alignwide has-ast-global-color-5-background-color has-background is-layout-flex wp-container-core-columns-is-layout-9d6595d7 wp-block-columns-is-layout-flex\">\n<div class=\"wp-block-column is-layout-flow wp-block-column-is-layout-flow\" style=\"flex-basis:33%\">\n<div style=\"height:50px\" aria-hidden=\"true\" class=\"wp-block-spacer\"><\/div>\n\n\n\n<figure class=\"wp-block-image size-large\"><img decoding=\"async\" width=\"684\" height=\"1024\" src=\"http:\/\/ocelotlmx.com\/wp-content\/uploads\/2022\/01\/DSC_6293-684x1024.jpg\" alt=\"\" class=\"wp-image-337\" srcset=\"https:\/\/ocelotlmx.com\/wp-content\/uploads\/2022\/01\/DSC_6293-684x1024.jpg 684w, https:\/\/ocelotlmx.com\/wp-content\/uploads\/2022\/01\/DSC_6293-200x300.jpg 200w, https:\/\/ocelotlmx.com\/wp-content\/uploads\/2022\/01\/DSC_6293-768x1151.jpg 768w, https:\/\/ocelotlmx.com\/wp-content\/uploads\/2022\/01\/DSC_6293-1025x1536.jpg 1025w, https:\/\/ocelotlmx.com\/wp-content\/uploads\/2022\/01\/DSC_6293.jpg 1335w\" sizes=\"(max-width: 684px) 100vw, 684px\" \/><\/figure>\n<\/div>\n\n\n\n<div class=\"wp-block-column is-layout-flow wp-block-column-is-layout-flow\" style=\"flex-basis:33.38%\">\n<div style=\"height:100px\" aria-hidden=\"true\" class=\"wp-block-spacer\"><\/div>\n\n\n\n<h3 class=\"wp-block-heading\">Visi\u00f3n <\/h3>\n\n\n\n<p class=\"has-ast-global-color-7-color has-text-color\" style=\"font-size:em\">Ser marca pionera en dar justicia al trabajo artesanal evitando su denigraci\u00f3n. Mostrando su belleza y calidad.<\/p>\n\n\n\n<p><\/p>\n<\/div>\n<\/div>\n\n\n\n<figure class=\"wp-block-image size-large\"><img loading=\"lazy\" decoding=\"async\" width=\"1024\" height=\"684\" src=\"http:\/\/ocelotlmx.com\/wp-content\/uploads\/2022\/03\/DSC_8639-1024x684.jpg\" alt=\"\" class=\"wp-image-434\" srcset=\"https:\/\/ocelotlmx.com\/wp-content\/uploads\/2022\/03\/DSC_8639-1024x684.jpg 1024w, https:\/\/ocelotlmx.com\/wp-content\/uploads\/2022\/03\/DSC_8639-300x200.jpg 300w, https:\/\/ocelotlmx.com\/wp-content\/uploads\/2022\/03\/DSC_8639-768x513.jpg 768w, https:\/\/ocelotlmx.com\/wp-content\/uploads\/2022\/03\/DSC_8639-1536x1025.jpg 1536w, https:\/\/ocelotlmx.com\/wp-content\/uploads\/2022\/03\/DSC_8639.jpg 2000w\" sizes=\"(max-width: 1024px) 100vw, 1024px\" \/><\/figure>\n\n\n\n<div style=\"height:100px\" aria-hidden=\"true\" class=\"wp-block-spacer\"><\/div>\n<\/div><\/div>\n\n\n\n<div class=\"wp-block-group alignfull has-ast-global-color-5-background-color has-background is-layout-flow wp-block-group-is-layout-flow\"><div class=\"wp-block-group__inner-container\">\n<h2 class=\"wp-block-heading has-ast-global-color-5-background-color has-background\">Esto es Ocelotl&#8230;<\/h2>\n\n\n\n<div class=\"wp-block-columns alignwide are-vertically-aligned-top has-ast-global-color-5-background-color has-background is-layout-flex wp-container-core-columns-is-layout-9d6595d7 wp-block-columns-is-layout-flex\">\n<div class=\"wp-block-column is-vertically-aligned-top is-layout-flow wp-block-column-is-layout-flow\">\n<figure class=\"wp-block-image alignfull size-large\"><img loading=\"lazy\" decoding=\"async\" width=\"1024\" height=\"684\" src=\"http:\/\/ocelotlmx.com\/wp-content\/uploads\/2022\/03\/DSC_8655-1024x684.jpg\" alt=\"catrinas de barro\" class=\"wp-image-437\" srcset=\"https:\/\/ocelotlmx.com\/wp-content\/uploads\/2022\/03\/DSC_8655-1024x684.jpg 1024w, https:\/\/ocelotlmx.com\/wp-content\/uploads\/2022\/03\/DSC_8655-300x200.jpg 300w, https:\/\/ocelotlmx.com\/wp-content\/uploads\/2022\/03\/DSC_8655-768x513.jpg 768w, https:\/\/ocelotlmx.com\/wp-content\/uploads\/2022\/03\/DSC_8655-1536x1025.jpg 1536w, https:\/\/ocelotlmx.com\/wp-content\/uploads\/2022\/03\/DSC_8655.jpg 2000w\" sizes=\"(max-width: 1024px) 100vw, 1024px\" \/><\/figure>\n\n\n\n<h3 class=\"wp-block-heading has-text-align-center\"> Manejamos un surtido de artesan\u00edas de diferentes regiones de M\u00e9xico.<\/h3>\n\n\n\n<div style=\"height:150px\" aria-hidden=\"true\" class=\"wp-block-spacer\"><\/div>\n\n\n\n<figure class=\"wp-block-image alignfull size-large\"><img loading=\"lazy\" decoding=\"async\" width=\"1024\" height=\"684\" src=\"http:\/\/ocelotlmx.com\/wp-content\/uploads\/2022\/01\/DSC_6178-1024x684.jpg\" alt=\"coctel de mezcal\" class=\"wp-image-332\" srcset=\"https:\/\/ocelotlmx.com\/wp-content\/uploads\/2022\/01\/DSC_6178-1024x684.jpg 1024w, https:\/\/ocelotlmx.com\/wp-content\/uploads\/2022\/01\/DSC_6178-300x200.jpg 300w, https:\/\/ocelotlmx.com\/wp-content\/uploads\/2022\/01\/DSC_6178-768x513.jpg 768w, https:\/\/ocelotlmx.com\/wp-content\/uploads\/2022\/01\/DSC_6178-1536x1025.jpg 1536w, https:\/\/ocelotlmx.com\/wp-content\/uploads\/2022\/01\/DSC_6178.jpg 2000w\" sizes=\"(max-width: 1024px) 100vw, 1024px\" \/><\/figure>\n\n\n\n<h3 class=\"wp-block-heading has-text-align-center\">Una muy especial Cocteler\u00eda con los mezcales de la casa.<\/h3>\n<\/div>\n\n\n\n<div class=\"wp-block-column is-vertically-aligned-top is-layout-flow wp-block-column-is-layout-flow\">\n<div style=\"height:150px\" aria-hidden=\"true\" class=\"wp-block-spacer\"><\/div>\n\n\n\n<h3 class=\"wp-block-heading has-text-align-center\"><\/h3>\n\n\n\n<div style=\"height:150px\" aria-hidden=\"true\" class=\"wp-block-spacer\"><\/div>\n\n\n\n<figure class=\"wp-block-image alignfull size-large\"><img loading=\"lazy\" decoding=\"async\" width=\"1024\" height=\"580\" src=\"http:\/\/ocelotlmx.com\/wp-content\/uploads\/2022\/03\/Todas-titicih-web-1024x580.jpg\" alt=\"botellas de mezcal\" class=\"wp-image-501\" srcset=\"https:\/\/ocelotlmx.com\/wp-content\/uploads\/2022\/03\/Todas-titicih-web-1024x580.jpg 1024w, https:\/\/ocelotlmx.com\/wp-content\/uploads\/2022\/03\/Todas-titicih-web-300x170.jpg 300w, https:\/\/ocelotlmx.com\/wp-content\/uploads\/2022\/03\/Todas-titicih-web-768x435.jpg 768w, https:\/\/ocelotlmx.com\/wp-content\/uploads\/2022\/03\/Todas-titicih-web-1536x869.jpg 1536w, https:\/\/ocelotlmx.com\/wp-content\/uploads\/2022\/03\/Todas-titicih-web-2048x1159.jpg 2048w\" sizes=\"(max-width: 1024px) 100vw, 1024px\" \/><\/figure>\n\n\n\n<h3 class=\"wp-block-heading has-text-align-center\">Mezcales selectos  de diferentes regiones de M\u00e9xico.<\/h3>\n<\/div>\n<\/div>\n<\/div><\/div>\n\n\n\n<div class=\"wp-block-group alignfull has-ast-global-color-5-background-color has-background is-layout-flow wp-block-group-is-layout-flow\"><div class=\"wp-block-group__inner-container\">\n<div class=\"wp-block-columns is-layout-flex wp-container-core-columns-is-layout-9d6595d7 wp-block-columns-is-layout-flex\">\n<div class=\"wp-block-column is-layout-flow wp-block-column-is-layout-flow\">\n<h2 class=\"wp-block-heading\">Nuestros clientes<\/h2>\n\n\n\n<div class=\"wp-block-group is-layout-flow wp-block-group-is-layout-flow\"><div class=\"wp-block-group__inner-container\">\n<p> Muy linda cafeter\u00eda \/ tienda en el mercado artesanal. Hacen chocolate caliente para tomar o para llevar (recomiendo encarecidamente tomar un trago de tequila). El personal es muy amable. <\/p>\n\n\n\n<div class=\"wp-block-media-text alignwide is-vertically-aligned-center\" style=\"grid-template-columns:20% auto\"><figure class=\"wp-block-media-text__media\"><img loading=\"lazy\" decoding=\"async\" width=\"300\" height=\"300\" src=\"https:\/\/ocelotlmx.com\/wp-content\/uploads\/2022\/03\/Andrew-DeCaro-300x300.png\" alt=\"\" class=\"wp-image-451 size-medium\" srcset=\"https:\/\/ocelotlmx.com\/wp-content\/uploads\/2022\/03\/Andrew-DeCaro-300x300.png 300w, https:\/\/ocelotlmx.com\/wp-content\/uploads\/2022\/03\/Andrew-DeCaro-150x150.png 150w, https:\/\/ocelotlmx.com\/wp-content\/uploads\/2022\/03\/Andrew-DeCaro.png 332w\" sizes=\"(max-width: 300px) 100vw, 300px\" \/><\/figure><div class=\"wp-block-media-text__content\">\n<h5 class=\"wp-block-heading\">Andrew DeCaro<\/h5>\n<\/div><\/div>\n<\/div><\/div>\n<\/div>\n\n\n\n<div class=\"wp-block-column is-layout-flow wp-block-column-is-layout-flow\">\n<div class=\"wp-block-group is-layout-flow wp-block-group-is-layout-flow\"><div class=\"wp-block-group__inner-container\">\n<p><font style=\"vertical-align: inherit;\"><font style=\"vertical-align: inherit;\">\u00a1El mejor lugar de M\u00e9xico para aprender, conocer y disfrutar! <\/font><font style=\"vertical-align: inherit;\">Es m\u00e1gico e inigualable, Jaz eres incre\u00edble. <\/font><font style=\"vertical-align: inherit;\">No tendr\u00e1s miedo de probar algo nuevo, aqu\u00ed es el lugar!!!! <\/font><font style=\"vertical-align: inherit;\">Si eres extranjero, an\u00edmate, vas a querer regresar siempre!!!!<\/font><\/font><\/p>\n\n\n\n<div class=\"wp-block-media-text alignwide is-vertically-aligned-center\" style=\"grid-template-columns:20% auto\"><figure class=\"wp-block-media-text__media\"><img loading=\"lazy\" decoding=\"async\" width=\"300\" height=\"300\" src=\"https:\/\/ocelotlmx.com\/wp-content\/uploads\/2022\/03\/Ann-Hewson-300x300.png\" alt=\"\" class=\"wp-image-452 size-medium\" srcset=\"https:\/\/ocelotlmx.com\/wp-content\/uploads\/2022\/03\/Ann-Hewson-300x300.png 300w, https:\/\/ocelotlmx.com\/wp-content\/uploads\/2022\/03\/Ann-Hewson-150x150.png 150w, https:\/\/ocelotlmx.com\/wp-content\/uploads\/2022\/03\/Ann-Hewson.png 332w\" sizes=\"(max-width: 300px) 100vw, 300px\" \/><\/figure><div class=\"wp-block-media-text__content\">\n<h5 class=\"wp-block-heading\">Ann Hewson<\/h5>\n<\/div><\/div>\n<\/div><\/div>\n\n\n\n<div class=\"wp-block-group is-layout-flow wp-block-group-is-layout-flow\"><div class=\"wp-block-group__inner-container\">\n<p><\/p>\n\n\n\n<p><font style=\"vertical-align: inherit;\"><font style=\"vertical-align: inherit;\">Excelente servicio, precios, calidad y atenci\u00f3n. <\/font><font style=\"vertical-align: inherit;\">S\u00faper recomendado si busca tanto sabores t\u00edpicos como sabores m\u00e1s inusuales e interesantes<\/font><\/font><\/p>\n\n\n\n<div class=\"wp-block-media-text alignwide is-vertically-aligned-center\" style=\"grid-template-columns:20% auto\"><figure class=\"wp-block-media-text__media\"><img loading=\"lazy\" decoding=\"async\" width=\"300\" height=\"300\" src=\"https:\/\/ocelotlmx.com\/wp-content\/uploads\/2022\/03\/Gabriela-300x300.png\" alt=\"\" class=\"wp-image-453 size-medium\" srcset=\"https:\/\/ocelotlmx.com\/wp-content\/uploads\/2022\/03\/Gabriela-300x300.png 300w, https:\/\/ocelotlmx.com\/wp-content\/uploads\/2022\/03\/Gabriela-150x150.png 150w, https:\/\/ocelotlmx.com\/wp-content\/uploads\/2022\/03\/Gabriela.png 332w\" sizes=\"(max-width: 300px) 100vw, 300px\" \/><\/figure><div class=\"wp-block-media-text__content\">\n<h5 class=\"wp-block-heading\">Gabriela<\/h5>\n<\/div><\/div>\n<\/div><\/div>\n<\/div>\n<\/div>\n<\/div><\/div>\n\n\n\n<p><\/p>\n","protected":false},"excerpt":{"rendered":"<p>O celot Artesan\u00edas y Caf\u00e9 Mexicano. Nuestro Origen Nuestra marca nace con el prop\u00f3sito de ser dignos representantes de nuestro pa\u00eds a trav\u00e9s de la venta de artesan\u00eda con origen en diferentes regiones de la rep\u00fablica y preparaci\u00f3n de bebidas tradicionales como lo es el caf\u00e9, chocolate y mezcaler\u00eda. Con precios justos tanto para el &hellip;<\/p>\n<p class=\"read-more\"> <a class=\"\" href=\"https:\/\/ocelotlmx.com\/\"> <span class=\"screen-reader-text\">Home<\/span> Read More &raquo;<\/a><\/p>\n","protected":false},"author":1,"featured_media":0,"parent":0,"menu_order":0,"comment_status":"closed","ping_status":"closed","template":"","meta":{"om_disable_all_campaigns":false,"_mi_skip_tracking":false,"_monsterinsights_sitenote_active":false,"_monsterinsights_sitenote_note":"","_monsterinsights_sitenote_category":0,"site-sidebar-layout":"no-sidebar","site-content-layout":"plain-container","ast-main-header-display":"","ast-hfb-above-header-display":"","ast-hfb-below-header-display":"","ast-hfb-mobile-header-display":"","site-post-title":"disabled","ast-breadcrumbs-content":"","ast-featured-img":"","footer-sml-layout":"","theme-transparent-header-meta":"enabled","adv-header-id-meta":"","stick-header-meta":"","header-above-stick-meta":"","header-main-stick-meta":"","header-below-stick-meta":"","footnotes":""},"class_list":["post-10","page","type-page","status-publish","hentry"],"aioseo_notices":[],"_links":{"self":[{"href":"https:\/\/ocelotlmx.com\/index.php?rest_route=\/wp\/v2\/pages\/10","targetHints":{"allow":["GET"]}}],"collection":[{"href":"https:\/\/ocelotlmx.com\/index.php?rest_route=\/wp\/v2\/pages"}],"about":[{"href":"https:\/\/ocelotlmx.com\/index.php?rest_route=\/wp\/v2\/types\/page"}],"author":[{"embeddable":true,"href":"https:\/\/ocelotlmx.com\/index.php?rest_route=\/wp\/v2\/users\/1"}],"replies":[{"embeddable":true,"href":"https:\/\/ocelotlmx.com\/index.php?rest_route=%2Fwp%2Fv2%2Fcomments&post=10"}],"version-history":[{"count":71,"href":"https:\/\/ocelotlmx.com\/index.php?rest_route=\/wp\/v2\/pages\/10\/revisions"}],"predecessor-version":[{"id":1014,"href":"https:\/\/ocelotlmx.com\/index.php?rest_route=\/wp\/v2\/pages\/10\/revisions\/1014"}],"wp:attachment":[{"href":"https:\/\/ocelotlmx.com\/index.php?rest_route=%2Fwp%2Fv2%2Fmedia&parent=10"}],"curies":[{"name":"wp","href":"https:\/\/api.w.org\/{rel}","templated":true}]}}